 = 0, 4*a = 2*a - 4*s + 102. Let f be 73*5*18/a - 2. Let r = f - 44. What are the prime factors of r?
2, 5
Let r(u) = -u**3 - 21*u**2 - 4*u - 92. Let b be r(-21). List the prime factors of 834 - (40/(-12) - b/24).
3, 31
Let z(v) = -23*v - 93. Let f be z(-4). What are the prime factors of (-548 + (0 - 5))*f?
7, 79
Suppose 0 = -4*o + 11 + 17. Suppose o*a - 41 + 6 = 0. Suppose 0 = -a*s + 1249 + 21. What are the prime factors of s?
2, 127
Let t = 15 + 22. Let c = t + 67. List the prime factors of c.
2, 13
Let q(l) = l**2 - 29*l + 26. Let t be q(34). Suppose -479 = -15*h + t. What are the prime factors of h?
3, 5
What are the prime factors of (-212958)/(-30) + (-10)/(-25)?
31, 229
Suppose 2245100 + 5197173 = 193*b. List the prime factors of b.
38561
Suppose 20*v + 34254 = 353354. List the prime factors of v.
5, 3191
Suppose -35*r + 31*r + 20 = 0. Suppose -r*m - 2*m = 7. Let h(t) = 210*t**2 - 2*t. What are the prime factors of h(m)?
2, 53
Let t be (-1)/(-4 - 28/(-8)). Suppose -4*m = -s + 356, -t*s - 27 + 294 = -3*m. Let p = m - -178. What are the prime factors of p?
89
Let b = -7932 - -12954. What are the prime factors of b?
2, 3, 31
Let i(d) = d**3 - 17*d**2 + 13*d + 13. Suppose 0 = 4*r - 28 - 40. List the prime factors of i(r).
2, 3, 13
Suppose -436 = y + 2*p, -p - 32 = -2*y - 914. Let u = y + 948. List the prime factors of u.
2, 127
Suppose -2116 = 22*p - 64*p - 50*p. List the prime factors of p.
23
Suppose 15*i = 36*i - 127050. List the prime factors of i.
2, 5, 11
Suppose w = 3*g + g - 42, -4*g = -4*w - 36. Suppose 2*o + 2*i = -g + 1101, 2*o - 3*i - 1095 = 0. What are the prime factors of o?
2, 3, 7, 13
Suppose -102*r + 2881073 = -2317663. List the prime factors of r.
2, 23, 277
Let b = -29611 - -100123. List the prime factors of b.
2, 3, 13, 113
Suppose 0 = -6*n + 8*n + 11424. Let a be n/72 + (-1)/(-3). Let g = 9 - a. What are the prime factors of g?
2, 11
Let t(w) = w**2 - w. Let j be t(3). Let g be 5*2*(-31)/(155/4). What are the prime factors of (-380)/g + j/4?
7
Suppose 3272 + 1768 = 8*z. Suppose 0 = -a + z - 66. Suppose 4*c + i - 60 - 496 = 0, -3*i = 4*c - a. What are the prime factors of c?
2, 3, 23
Let x be (-25)/(-4) + (-1)/4. List the prime factors of 336 - (x - 4)*1.
2, 167
Suppose 124*u - 3016545 - 2499471 = 0. List the prime factors of u.
2, 3, 11, 337
Suppose 0 = -11*d - 7319 + 67302. What are the prime factors of d?
7, 19, 41
Let q(g) = 10*g + 6. Let c(s) = -2*s + 11. Let j be (-15)/(-30) - (-10)/4. Let k be c(j). List the prime factors of q(k).
2, 7
Suppose -5*y + 4 = -11. Suppose 6*o = 196 + 158. Suppose y*q + 2 = o. What are the prime factors of q?
19
Let k = 900 - 571. Suppose 0 = g - 5*h - 71, 10*h = 4*g + 5*h - k. What are the prime factors of g?
2, 43
Let k be (-5 + 1 + 14/4)*-4. Suppose 5*l + 5 = 0, l = k*n + 5*l - 1450. List the prime factors of n.
727
Suppose -3*m = 3*x + 11 - 29, 5*m - 3*x - 30 = 0. Let l = 91 + m. What are the prime factors of l?
97
Suppose -4*c + 6866 = -c - 2*f, -4*c + 9156 = -4*f. Suppose 6*t - c = -194. List the prime factors of t.
349
Let o(f) = f**3 - 7*f**2 + 14*f - 12. Let a be o(5). List the prime factors of (0 - (-1194)/a)/(40/160).
3, 199
Suppose 0 = -2*h + 10, -4*h - 4108 = -40*x + 36*x. Suppose v + 5*v - x = 0. List the prime factors of v.
2, 43
Let k be (-6)/3 + 4/1. Let j(n) = 3*n**2 + 1120 + 2*n - 1133 - n**k. What are the prime factors of j(-8)?
3, 11
Suppose -155 + 153 = -n. Suppose -n*c = -3*m - 1351, 3*m = -5*c + 800 + 2567. Suppose -13*x + 2 = -c. List the prime factors of x.
2, 13
Let p(z) = -3*z**3 - 31*z**2 + 33*z + 24. List the prime factors of p(-14).
2, 859
Let k = 21278 - 12869. List the prime factors of k.
3, 2803
Let l = 8 - -3. Let p(b) = 0 - 3 + l - 17*b. What are the prime factors of p(-3)?
59
Let j = 271 + -273. List the prime factors of (-5)/j*(-42688)/(-160).
23, 29
Suppose -4 = -c + 8. Suppose -c*v - 155 - 517 = 0. Let h = v + 70. List the prime factors of h.
2, 7
Let l = -2300 - -2666. What are the prime factors of l?
2, 3, 61
Suppose -87*o + 165*o - 293670 = 0. List the prime factors of o.
3, 5, 251
Suppose 5*j + 2123 + 77 = 0. Let i = -157 - j. Let a = -202 + i. What are the prime factors of a?
3
What are the prime factors of (((-8908)/(-85))/(4/(-10)))/(-2)*59?
59, 131
Suppose 0 = -2*z + 26 + 32. Let m = 3880 + -3875. Suppose -z = m*q - 564. What are the prime factors of q?
107
Let k be -1 + 2 + (3 - 3). Suppose y + 5 = -2*m, -y + 2*m = -0*y + k. What are the prime factors of (-3)/(1/9*y)*16?
2, 3
Suppose -4*x + 63 = -r, -3*x = 5*r - 28 - 48. Suppose -15*g + x*g - 492 = 0. List the prime factors of g.
2, 3, 41
List the prime factors of 4575/((-2)/2)*(119 + -120).
3, 5, 61
Let j(a) = 6*a**2 + 18*a + 41. Let d be (-5 - 0) + (-21 - -14). What are the prime factors of j(d)?
13, 53
Let o(m) = 4*m + 8. Let t be o(11). Let p be (360/48)/(3/t). Let d = p - 52. What are the prime factors of d?
2, 3, 13
Suppose 0 = -14*d + 6*d - 3*d. Suppose d = 8*l - 3862 + 518. List the prime factors of l.
2, 11, 19
Suppose 383*y - 308*y - 2048400 = 0. What are the prime factors of y?
2, 3, 569
Let n(i) = 3*i**3 - 12*i**2 + 21*i - 56. Suppose -y - 3*j = -15, -2*j = y + 3*j - 19. List the prime factors of n(y).
2, 337
Suppose 3*y = -2*d + 39608, 12*d - 10*d = 4*y + 39608. What are the prime factors of d?
2, 4951
Let d(p) = 13*p - 56. Let m(q) = -3*q + 14. Let b(j) = -2*d(j) - 9*m(j). Let o be b(17). What are the prime factors of (1*-3)/((o/7)/(-3))?
3, 7
Let k(m) = -m**3 + 7*m**2 - m + 10. Suppose 4*i + 3 = 2*b + 1, 4*i + 7 = 3*b. Let o be k(b). Let n = o - 16. List the prime factors of n.
3, 13
List the prime factors of (-15)/(-40) + ((-3)/(-4))/(138/74083).
13, 31
List the prime factors of ((-4)/(-4))/(11/86955).
3, 5, 17, 31
Suppose 172*p + 212*p - 786009 = -20697. What are the prime factors of p?
1993
Let w(t) = -t**2 - 5*t. Let r be w(-4). Let d(l) = -897 - 5*l + 907 - r*l. List the prime factors of d(-4).
2, 23
Let p be -1 + 15 - 8 - 10. What are the prime factors of (-30)/(-4)*p*140/(-30)?
2, 5, 7
Suppose -11*k - 2232 = -9*k. What are the prime factors of (k/(-42) + -8)/(1/14)?
2, 5, 13
Let b be (5 + -10)/(-5) + 495. Let r = b - 21. List the prime factors of r.
5, 19
Suppose -18510 = 44*p - 77690. List the prime factors of p.
5, 269
Let z(l) = -l**2 + l + 5. Let m be z(2). Suppose -3*d - 2*o + 385 = -2*d, -m*d = o - 1135. Suppose d = 7*n - 183. List the prime factors of n.
2, 5
Let y = 148872 + -73406. List the prime factors of y.
2, 97, 389
Suppose 169 = 13*h + 52. Suppose c + 408 = h*c. What are the prime factors of c?
3, 17
Let h(q) = -19*q**3 + 8*q**2 + 8*q - 14. Let y(x) = -75*x**3 + 32*x**2 + 33*x - 55. Let r(w) = 9*h(w) - 2*y(w). What are the prime factors of r(-4)?
2, 179
Suppose 572940 = 261*l - 1195543 - 1467917. List the prime factors of l.
2, 5, 31
Let l(x) = -1434*x + 95. List the prime factors of l(-4).
7, 17
Suppose -1266 = 3*d - 3*p, 2*p + 949 + 1147 = -5*d. List the prime factors of ((d/25)/6)/(8/(-2980)).
7, 149
Suppose u + 2 = 0, -15073 = 5*v + 6*u - 7*u. Let d = -1687 - v. What are the prime factors of d?
2, 83
Suppose -g + 9196 = -4*d, 58*g - 54*g - 36814 = d. What are the prime factors of g?
2, 3, 13, 59
What are the prime factors of 854238/35 + (-22)/(-10)?
7, 11, 317
Let u = -55 + 55. Suppose 4*m - 5*n - 1843 = u, -m = -5*m - 4*n + 1852. List the prime factors of m.
2, 3, 7, 11
Suppose 3*p = -717*h + 714*h + 22950, 2*p - 15303 = -h. What are the prime factors of p?
3, 2551
Let o(c) = c**3 - 24*c**2 - 22*c - 50. Let n be o(25). Suppose -568 = 23*t - n*t. What are the prime factors of t?
2, 71
Let r(l) = 3*l**3 - 39*l**2 + 42*l**3 - 42*l**2 + 75*l**2 + 4. What are the prime factors of r(2)?
2, 5, 17
Suppose -4*n = 5*s - 3 + 2, 4*n - s = 19. Suppose n*q - 76 = 284. What are the prime factors of q?
2, 3, 5
Let k be 5 - (10 + -5) - (7 - 1). Let j be (-2)/3 + (-63)/27. What are the prime factors of 52 - (k - j - -3)?
2, 13
Let o = -9 + 16. Let m = 353 - o. What are the prime factors of m?
2, 173
Suppose s + w - 33315 = -9867, 3*s = 4*w + 70365. What are the prime factors of s?
3, 7817
Let v(g) = 5*g**2 + 25*g - 107. Let n be v(10). Suppose x + 90 = n. What are the prime factors of x?
7, 79
Suppose 385*d = 382*d + 15. Let p = -7 - -10. Suppose -4*y - p*i = -